b**4/6 + b**3/6 - 15*b**2 + 2*b + 25. Calculate the remainder when m(-11) is divided by 41.
39
Let s(v) = 53*v**2. Suppose 2*z = 5*a + 34, -2*a + 1 = 3*z + 7. Calculate the remainder when s(-1) is divided by (-5)/((-15)/a) + 16.
11
Let m be (-39)/91 + 3/7. Suppose m = -3*p + 5*n + 6, -4*p + 2 = -3*p + 3*n. Calculate the remainder when p is divided by 1.
0
Suppose 3*u + 4*o - 2*o - 1347 = 0, 4*o = u - 463. Suppose -u - 59 = -10*a. What is the remainder when a is divided by 18?
15
Let z(c) = -c + 26. Let p be 13 - -4*6/(-8). What is the remainder when z(p) is divided by 5?
1
Let p(y) = -10*y + 62. Calculate the remainder when p(0) is divided by 3.
2
Let a = -69 - -71. Suppose 0 = w - a*j - 5, -j + 2*j = 3*w - 40. Suppose -f = 3*f - 108. Calculate the remainder when f is divided by w.
12
Let j(u) = -u**3 + 22*u**2 + 22*u + 53. Calculate the remainder when 448 is divided by j(23).
28
Let c = 427 + -82. Suppose -2*u + c = -4*x + 55, -5*u = 3*x - 686. What is the remainder when u is divided by 29?
23
Let h = 34 - 36. Let x(v) = -v**3 - v + 2. What is the remainder when h/(-10) - (-203)/35 is divided by x(0)?
0
Let g = -955 + 978. Let n(q) = -4*q + 2. Let p(v) = 1. Let d(i) = 4*n(i) - 8*p(i). What is the remainder when d(-7) is divided by g?
20
Let x = -11 - -19. What is the remainder when 14 is divided by x?
6
Let k(j) = j**3 + 4*j**2 - 15*j + 6. What is the remainder when k(4) is divided by 7?
4
Let v be -3*1/(-3)*7. Suppose 2*t + x - v = 3, 27 = 5*t + 2*x. Calculate the remainder when (9/(-2))/((-2)/12) is divided by t.
6
Let w = -207 + 215. What is the remainder when 60 is divided by w?
4
Let u(w) = -46*w + 256. Calculate the remainder when 129 is divided by u(5).
25
Suppose -8 = -u + 71. Suppose 3*s - 29 - u = 0. Suppose -2*w + s = 2*w. What is the remainder when w is divided by 2?
1
Suppose -4*z + 3*z + 30 = -2*b, -4*b = 4*z - 180. Suppose -10*o + 0 + z = 0. Calculate the remainder when 54 is divided by o.
2
Suppose 0 = -3*m + 101 + 76. Let k = 95 - m. What is the remainder when 71 is divided by 108/(-2)*(-12)/k?
17
Suppose -o - 4*o - 4*z = -34, 2*o - 5*z = 7. Calculate the remainder when (-21)/((-1)/(0 - -1)) is divided by o.
3
Let d = 31 - 17. Let g(j) = j**3 - 9*j**2 + 4*j + 5. Let v(k) = 8*k**2 - 2*k - 1. Let m be v(-1). What is the remainder when g(m) is divided by d?
13
Let k(n) = -n**2 + 2*n + 8. Let b be k(-6). Let f = 103 - b. What is the remainder when f is divided by 29?
27
Suppose 2*m - 3*m + 16 = 0. Let s = m + -13. Suppose 2*c - 39 = -4*b + 29, -5*b = s*c - 86. What is the remainder when 47 is divided by b?
15
Let h(r) be the first derivative of r**3/3 - 5*r**2/2 + 10*r - 1. Let o be 25/((-550)/(-88)) + (1 - 1). What is the remainder when h(o) is divided by 4?
2
Suppose -68 = 4*x - 792. Let p = x + -125. Suppose -2*s = 2*s - p. What is the remainder when s is divided by 5?
4
Suppose 0 = -24*m + 20*m + 16. Suppose 0 = -m*b + 34 + 26. What is the remainder when 43 is divided by b?
13
Let u be 3*114/3*-1. Let h = -60 - u. Calculate the remainder when h is divided by 28.
26
Suppose 0 = -5*v - 20, -4*z = -4*v - 55 - 37. What is the remainder when 397 is divided by z?
17
Suppose -b + 8 = -y + 1, -2*y - 36 = -4*b. Calculate the remainder when 86 is divided by b.
9
Suppose -10*j - 7*j = -204. Calculate the remainder when (-1 - -2) + (49 - 3) is divided by j.
11
Suppose 85 = -11*r + 536. Calculate the remainder when r is divided by 17.
7
Let d = -58 + 99. What is the remainder when 571 is divided by d?
38
Let t be (-6)/14 + 505/35 + -3. Suppose 14 + 195 = t*q. What is the remainder when 35 is divided by q?
16
What is the remainder when 340/204*762/10 is divided by 4/((-2)/1) + 34?
31
Let o = 17 - -515. Let l be (-4)/18 + o/126. Suppose -2*k + 4*f + 60 = -0*k, l*f - 90 = -3*k. Calculate the remainder when k is divided by 11.
8
Suppose 22*y + 0*y - 2508 = 0. Calculate the remainder when 559 is divided by y.
103
Suppose 7*i = -15*i + 3982. Calculate the remainder when i is divided by 7.
6
Let g be 6/27 + 777/27. Let h = 86 - g. Let b = 29 + -17. What is the remainder when h is divided by b?
9
Let c(o) = 18*o - 32. Calculate the remainder when 65 is divided by c(3).
21
Suppose 3*u + 816 = -3*u. What is the remainder when 66 is divided by (u/(-12))/(2/3)?
15
Suppose 17*n - 12*n - 470 = 0. Calculate the remainder when n is divided by 42.
10
Suppose 4*b + 128 + 153 = 3*q, b = -2*q + 169. Calculate the remainder when q is divided by 39.
9
Let t be 124/24 + 2/(-12). Let a(z) = 1 + 2 - z + 19*z - t*z. What is the remainder when a(3) is divided by 15?
12
Suppose -44*v - 2*v = -11960. What is the remainder when v is divided by 81?
17
Let q(w) = -w**3 + 21*w**2 - 20*w + 42. Calculate the remainder when q(20) is divided by 13.
3
Suppose -3*d = -12*d + 639. Calculate the remainder when d is divided by 37.
34
Let w = -5 + 7. Suppose 4*j - w*n = 2*j - 6, 0 = -4*n + 16. Calculate the remainder when 4 is divided by j.
0
Suppose 146*v = 141*v + 60. Calculate the remainder when 1222 is divided by v.
10
Suppose -5*v + 8*v = 0. Suppose -3*t = -v*j + 2*j - 70, 0 = -j + t + 25. Calculate the remainder when (38/6)/((-3)/(-27)) is divided by j.
28
Suppose 2*v + 3*r - 93 = 0, -r - 162 = -4*v + r. Let p = 0 + v. Suppose 5*g - p = 3*g. Calculate the remainder when 60 is divided by g.
18
Suppose 6*g = 5*c + 2*g + 598, -3*c + 5*g = 364. Let y = c + 122. Let d(a) = a**2 + 7. Calculate the remainder when d(0) is divided by y.
3
Suppose 0 = -4*t + 223 - 59. Suppose -5*f = -l + 2*l - 3, 2*l = -5*f + 6. Suppose m = l + 8. What is the remainder when t is divided by m?
8
Suppose 0 = -3*m - 9, 17*m - 19*m = -2*y + 686. What is the remainder when y is divided by 9?
7
Let i = 603 + -512. Calculate the remainder when i is divided by 47.
44
Calculate the remainder when (13 + 2 - 4)/(-5 - -6) is divided by 10.
1
Let v(u) = -5*u + 7. Calculate the remainder when v(-7) is divided by (-13)/(-3 + 5 + -3) + 2.
12
Suppose 0 = 4*h + 3*d - 79, -3*d = d - 20. What is the remainder when 38 is divided by h?
6
Suppose 0*b - 3*s - 8 = 4*b, 0 = -b - 4*s - 15. Let c(u) = 2 + 0 - b + 0 + 33*u**2. What is the remainder when 99 is divided by c(1)?
31
Suppose -11*j + 7*j + 628 = 0. Let x = j + -122. Calculate the remainder when 207 is divided by x.
32
Let t = -5 + 17. Let n(r) = 19*r - 16. What is the remainder when n(t) is divided by 43?
40
Suppose 5*r - 10 = -5*s - 55, -4*r - 44 = 5*s. What is the remainder when (28/s - -4)*142 is divided by (-4)/22 - (-398)/11?
35
Let v(b) = 2*b**2 - 39*b + 20. Let r = -44 + 63. Calculate the remainder when v(r) is divided by 1.
0
Suppose -8*o + 30 = -2*o. Suppose 104 = 3*b - o*u + 4*u, -5*b + 4*u = -171. Calculate the remainder when b is divided by 9.
8
Suppose 0 = -i - 3*i - 5*k + 884, -3*i + 4*k + 694 = 0. What is the remainder when i is divided by 6?
4
Suppose -3*u - 63 = -3*b + 24, -5 = -u. Let m = -6 + 2. Let p = 22 + m. Calculate the remainder when b is divided by p.
16
Let q(n) = -3*n**2 - 7*n - 9. Let x be q(-14). Let t = -345 - x. Calculate the remainder when t is divided by 26.
24
What is the remainder when 591 is divided by 5*1 - (10 - 9)*-3?
7
Let x = 1129 + -865. Calculate the remainder when x is divided by 5.
4
Let t = 58 - 56. Suppose 3*u - 2*u - 34 = 0. Calculate the remainder when u is divided by t - -1 - -5 - (-4)/4.
7
Let j(k) = k**2 - 4*k - 24. What is the remainder when j(-7) is divided by 36?
17
Let r(q) = -7 - 15 - 4*q - 1. Let w be (1/(-2))/((-2)/(-64)). What is the remainder when r(w) is divided by 21?
20
Let o(w) be the second derivative of 3*w**4/4 - w**3/6 - 4*w**2 + 3*w - 4. What is the remainder when o(-3) is divided by 13?
11
Let n = -19 + 21. Let a(u) = -2*u**2. Let i be a(-1). Let d = 1 - i. Calculate the remainder when d is divided by n.
1
Let s(k) = 13*k**3 + k**2 - 1. Let c(h) = 2*h**2 - 22*h + 22. Let w be c(10). Let b(r) = 10*r**2 + 4*r + 2. What is the remainder when b(w) is divided by s(1)?
11
Let o = 443 - 428. Calculate the remainder when 42 is divided by o.
12
Let t(g) = g**2 - 10*g - 1. Let q be t(8). Let i(k) = -k + 19. What is the remainder when 139 is divided by i(q)?
31
Let f = 78 - 55. Suppose -3*l + 1 = -f. What is the remainder when 18/(18/(-3))*1*(-31)/3 is divided by l?
7
Let u(l) be the second derivative of